
24
Let k be (((-450)/10)/9)/((-5)/2235). Calculate the greatest common factor of k and 5.
5
Suppose -27*d + 18*d = -108. Let p be (-30)/((-5)/1) - (0 + 0). Calculate the highest common divisor of p and d.
6
Let p = 2489 + -1724. What is the highest common divisor of p and 918?
153
Let h be ((-30)/(-8))/(2/8). Let i = -184 + 319. Calculate the highest common factor of h and i.
15
Suppose 5*g - 21 - 99 = 0. Let v(p) = p - 50. Let w be v(g). Let j = 55 + w. What is the highest common divisor of 29 and j?
29
Let u be 3/1 - (-5 - -6). Suppose 3*l = -u*j + 71, 5 - 80 = -3*l - 3*j. Let p = 419 + -272. What is the highest common divisor of p and l?
21
Suppose 3*n - 3*b - 9 = 4*n, n + 5*b = -15. Let t be (-12 - (n - 1))*(-11 + 1). Let f = t - 92. What is the highest common divisor of f and 18?
18
Suppose -20*o + 45 = -11*o. Suppose -u + 16 = -3*y - 3, 0 = -o*y - 25. Calculate the greatest common factor of 28 and u.
4
Suppose 5*g - 6 = -26. Let h(i) = -13*i - 1. Let w be h(g). Let a = -2898 + 2901. Calculate the greatest common divisor of a and w.
3
Let y(b) = -b**3 + 19*b**2 - 7*b - 27. Let k be y(17). Suppose -427*f - 65 = -k*f. Calculate the highest common divisor of f and 13.
13
Let c(i) = -236*i - 439. Let d be c(-2). Calculate the greatest common factor of d and 715.
11
Let c(j) = 4*j**2 - 91*j - 118. Let m be c(24). What is the greatest common factor of 554 and m?
2
Let h(p) = 65*p + 267. Let l be h(-4). Suppose -y = 2*y - 63. Suppose -3*f = 2*z - 67, -3*z - y = -f - 6. Calculate the greatest common factor of f and l.
7
Suppose -250 = 12*i - 682. Let a(y) = -y**2 - 4*y + 5. Let d be a(-6). Let l = i - d. What is the greatest common factor of l and 129?
43
Suppose 20 = -3*s + 164 - 9. Calculate the highest common divisor of 459 and s.
9
Suppose -2*k + 3176 = -37*f + 36*f, -2*f = -2*k + 3172. What is the greatest common factor of k and 40?
10
Let t(s) = s**3 + 16*s**2 + 9*s + 12. Let z be t(-15). What is the highest common factor of 34 and z?
34
Let j be (-8632)/(-20) - (-4)/10. Suppose 0 = h + 5*y - 33, 3*y - 45 = -2*h + 42. Calculate the greatest common factor of h and j.
48
Let q be 8 - 6 - (-94 + 3). Suppose -4*b - 3*u + q = -0*u, 3*b - 2*u - 57 = 0. Suppose 0 = -10*i + 5*i + 735. Calculate the highest common divisor of b and i.
21
Let c be -1*147*123/(-287). What is the highest common factor of 679 and c?
7
Suppose 9*i + s = 6*i + 101, -58 = -2*i + 4*s. Suppose -2*l + 159 - i = h, 0 = -5*h - 2*l + 638. Calculate the highest common factor of 8 and h.
8
Let q(h) = -10*h + 1092. Let j be q(108). Suppose 3*l - 26 - 28 = 0. Calculate the highest common divisor of l and j.
6
Let p(x) = -x**2 - 9*x + 6. Let y be p(-7). Suppose 18*l - y = 13*l. Let k(b) = -11*b + 48. Let w be k(l). What is the greatest common divisor of 10 and w?
2
Let f be 15 + 3/3*0. Let h(k) = 166*k + 467. Let a be h(-2). Calculate the greatest common divisor of a and f.
15
Let i(c) = 7*c**2 + 9*c - 3. Let v be i(-2). Calculate the highest common factor of v and 35.
7
Let i(q) = q**3 + 3*q**2 - 3*q - 3. Let s be i(-3). Let f be ((-12)/33)/(34/(-187)). Suppose -132 = -0*b - f*b. Calculate the greatest common factor of b and s.
6
Let s be ((-12)/18)/((-8)/60). Let w be 8*((-10)/(-8))/s. Calculate the highest common divisor of 14 and w.
2
Let r(q) = 54*q**2 - 2*q + 4. Suppose -44*c - 1 = -45*c. Let s be r(c). Calculate the greatest common divisor of s and 4.
4
Let t = -68502 + 68524. Let l be 76 + (0 - 2)/(-2). What is the greatest common divisor of t and l?
11
Let t(n) = n**3 - 92*n**2 + 193*n + 95. Let w be t(90). Calculate the highest common divisor of w and 275.
55
Let x be (-74898)/(-567) + -1*(-6)/(-63). Suppose -2*j = 2*j - 36. What is the greatest common factor of j and x?
3
Let z(i) = i**2 - i + 2. Let q be z(4). Let c(l) = -7*l + 252. Let u be c(-28). What is the greatest common divisor of u and q?
14
Suppose -290*s = 8076 - 31276. What is the greatest common divisor of 4880 and s?
80
Suppose 12*v - 33*v = -105. Suppose 777 = v*d + 227. Calculate the highest common factor of 55 and d.
55
Let p(i) be the third derivative of -5*i**4/12 - 25*i**3/6 - 7*i**2. Let t be p(-7). Let j = 56 - t. Calculate the greatest common divisor of 88 and j.
11
Suppose 0 = -4*o + 6*o - 6. Let t = o + 6. Suppose t*p - 14*p = -60. What is the highest common divisor of 204 and p?
12
Let l = -737 - -1206. Calculate the greatest common factor of 14 and l.
7
Let g be -13 - (-33 - 156/13). Calculate the greatest common factor of g and 3.
1
Let b = 3370 + -3208. What is the highest common factor of 189 and b?
27
Suppose 0 = -q + 20 + 72. Suppose 16*w - 957 = 1619. Calculate the highest common factor of w and q.
23
Let y(n) = -4*n + 19. Let v be y(4). Let g be v + 2*1*1788/8. What is the highest common divisor of 50 and g?
50
Let p = -19 - -99. Suppose u = 164 + p. Calculate the greatest common factor of 61 and u.
61
Suppose 9*w - 85*w - 3395 = -15555. Calculate the greatest common divisor of w and 3560.
40
Suppose -61*m = 5*z - 64*m - 471, 2*z + m = 195. Calculate the greatest common divisor of 100 and z.
4
Suppose -335 = -2*x - 5*g, 8*g - 3*g + 750 = 5*x. Suppose -2*w - 3339 = 5*w. Let p = 508 + w. What is the highest common factor of x and p?
31
Suppose -2*q - 7 = h, 3*h + 0*q = -q + 4. Suppose 3*d - h*x = -2*d + 104, -3*x = 9. Calculate the highest common factor of d and 209.
19
Let j be 173 + (-72)/(-6) + ((-3)/(-3) - 6). Calculate the greatest common factor of 516 and j.
12
Suppose -35*b + b + 2856 = 0. Suppose 0 = -3*c + b - 75. Calculate the greatest common factor of c and 8.
1
Suppose -58 - 68 = -3*r. Let k(p) = 5*p**3 + 1 - 5*p**2 - 6 + p + p**2 + 8. Let o be k(3). What is the highest common divisor of o and r?
21
Suppose -14*l - 36 = -10*l. Let q = l + 13. Let t be (-21)/((9/q)/(-3) + 0). Calculate the highest common divisor of 70 and t.
14
Suppose 81*z - 79*z = -348. Let r = z - -184. Calculate the highest common divisor of r and 24.
2
Let u(q) = 16*q**3 - 4*q**2 + 2*q - 2. Let i be u(3). Let a be -4 - ((-483)/35 - 5) - (-12)/10. Calculate the highest common factor of a and i.
16
Suppose 0 = 15*z - 500 - 550. Let q be -5*z/(-50)*6. What is the greatest common factor of 42 and q?
42
Let a be (-1)/(20/(-5) + 5)*9 + 297. Let x be (-39)/(-2 + -1) - 1. Calculate the greatest common factor of a and x.
12
Let p = 11 - 4. Suppose 0 = -5*w + p*w - 2. Let l be (-166)/(-8) - w - 24/(-96). Calculate the greatest common divisor of 80 and l.
20
Suppose -73*z + 1112 = -1078. What is the greatest common divisor of z and 2010?
30
Suppose 8*p + 35 = 15*p. Suppose 0 = -4*x - w + 99, -87 = -3*x - 0*w - p*w. What is the highest common divisor of x and 60?
12
Let r = -4471 + 6033. What is the highest common factor of 110 and r?
22
Let l be 308 - (9/3)/6*0. What is the greatest common factor of 12 and l?
4
Let s = 419 - 227. Let z = 985 - 973. What is the greatest common divisor of s and z?
12
Let v be 7535748/836 - 1/19 - (0 - 3). Calculate the greatest common divisor of v and 71.
71
Let p be 4*((-39)/(-6) + -2). Suppose -3*q + 2*r - 112 + 272 = 0, -3*q - 4*r + 112 = 0. Calculate the greatest common factor of q and p.
6
Let b be 118/(-4)*1002/(-167). Calculate the greatest common factor of b and 2.
1
Suppose -4*z + 281*o - 283*o + 1434 = 0, -4*o + 1063 = 3*z. What is the greatest common factor of z and 1254?
19
Let d be -520*5/(-10)*8. What is the greatest common divisor of d and 585?
65
Let k = -2121 + 6947. Suppose k = -19*g + 13072. What is the highest common factor of g and 56?
14
Suppose -7 = -3*d + 5. Suppose -13 = -4*r - 2*q - 1, -r + 3 = d*q. Suppose r*a + 140 = 13*a. Calculate the highest common divisor of 154 and a.
14
Let s = -18134 - -18239. Calculate the highest common divisor of s and 1645.
35
Let z(u) = 11*u - 5*u**3 + 7 + 16*u**2 + 19*u**3 - 11*u**3. Let v be z(-7). Let l = -180 - v. Calculate the greatest common factor of 15 and l.
15
Let z be -1 - 36/6*-1. Suppose z*l = -5*l + 240. What is the highest common divisor of 3 and l?
3
Let a = -9946 + 9970. Let n(q) = q**2 - q - 6. Let p be n(6). What is the greatest common divisor of p and a?
24
Let i = 57773 - 57725. Suppose -564 = -5*c + 516. Calculate the highest common divisor of i and c.
24
Let g = 20164 - 7753. Calculate the highest common 